d = 1115 - f. What are the prime factors of d?
3, 5, 11
Let s(z) = z. Let f(v) = 4*v**2 - 6*v + 4. Let p(g) = f(g) + 3*s(g). List the prime factors of p(-7).
13, 17
Let j(u) = 3413*u + 2175. What are the prime factors of j(11)?
2, 7, 2837
Let u(b) = -3*b**3 - 18*b**2 + b + 4. Let d be (-100)/15 + 6/9. Let t be u(d). List the prime factors of ((-1130)/5 + -4)/t.
5, 23
What are the prime factors of (394/10)/((-55)/(-3850))?
2, 7, 197
Suppose -5*v + 23 - 8 = 0. Suppose -v*a + 3*p + 1257 = 0, 4 = 4*p - 0. List the prime factors of a/4 + (-16)/4.
101
Suppose -2*c = 3*n - 23882, -16*c = -4*n - 19*c + 31843. What are the prime factors of n?
2, 5, 199
Let g(f) = -f**2 - 70*f + 46. Let m be ((-15)/(-3) + 16)*-1. List the prime factors of g(m).
5, 43
Suppose 0 = -5*k + 83 + 82. Suppose -14892 = -18*w - k*w. List the prime factors of w.
2, 73
Let l be -2 + ((-4)/3)/(30/(-225)). List the prime factors of ((96/18)/l)/(1/219).
2, 73
Let f be (-3 + 7/2)*22. Suppose 1 = z - 3*q + 25, 5*z - 3*q = -180. Let p = f - z. List the prime factors of p.
2, 5
Let o be (60/(-7))/(-4 + 275/70). Suppose -o = -j - j. Suppose 0 = -2*r + 5*z + j, -3*r + 90 = -0*r + z. List the prime factors of r.
2, 3, 5
Suppose -44420 = 36*l - 77793 - 230975. List the prime factors of l.
7, 1049
Suppose 0 = -2*r - 4*r + 12. Suppose 0 = -4*x + 4*w + 32, -w - 28 = -7*x + r*x. Suppose x*q - 105 = 4*l, l = -3*q + 2*l + 56. What are the prime factors of q?
17
Let p = 8 + -8. Suppose p*z = -z. What are the prime factors of 222/(15/5) - z?
2, 37
Let q(c) = -207*c**3 - 4*c**2 - 49*c - 14. List the prime factors of q(-5).
2, 13003
Suppose -3*b = 3*a - 4428, 4*a = 8*a - 3*b - 5876. Suppose -m = -3*x + a, 0 = 13*m - 10*m - 12. List the prime factors of x.
2, 3, 41
Let w(l) = -5432*l + 66. List the prime factors of w(-2).
2, 5, 1093
Let a(d) = -4*d**3 - 74*d**2 - 124*d + 183. List the prime factors of a(-33).
3, 59, 127
Suppose -3*f = -11*f - 368. Let s = 168 - f. Suppose -6*g = -730 + s. What are the prime factors of g?
2, 43
Suppose 4*h = 26 - 6. Suppose 3*w - o - 2956 = -5*o, h*w + o = 4938. What are the prime factors of w?
2, 13, 19
Let t = 6704 + -29830. List the prime factors of (-1 - 70/(-112)) + t/(-16).
5, 17
Suppose 53124 + 361377 = -269*c + 2091447. What are the prime factors of c?
2, 3, 1039
Let t = -66 + 68. Suppose t*z = 2*x + 126, x + 42 + 27 = -5*z. Let r = x - -143. What are the prime factors of r?
79
Suppose -j = -5*c + 84528, 5*c = 2*j + 14969 + 69552. What are the prime factors of c?
11, 29, 53
Let n(o) = 302*o - 2962. What are the prime factors of n(29)?
2, 3, 7, 23
Let w = 3639 + -558. What are the prime factors of w?
3, 13, 79
Let g(t) = 5*t - 66. Let m be g(11). What are the prime factors of (m - -1)*-93 + -45 + 47?
2, 233
Suppose w - 67*c - 114 = -75*c, -3*w = -5*c - 313. List the prime factors of w.
2, 53
Let b(s) = 5*s**2 - 6*s + 6. Let y be b(5). Suppose 0 = -h - 1 - 59. Let m = h + y. List the prime factors of m.
41
What are the prime factors of (-7*(-7)/21)/((-9)/(-40581))?
3, 7, 167
Let w = 37063 - 25625. List the prime factors of w.
2, 7, 19, 43
Let r = 44 + -34. Suppose 3*a = 5*a - r. Suppose 33 = -a*z + 498. What are the prime factors of z?
3, 31
Suppose 6*l - 3*l = 621. Let c = l - 102. What are the prime factors of c?
3, 5, 7
Let n(u) = -3*u**3 - 24*u**2 - 83*u - 23. List the prime factors of n(-15).
19, 313
Let b = -149 - -90. Let k = -56 - b. What are the prime factors of (-15)/(k*(-2)/6)?
3, 5
Let u(n) = -2*n - 14. Suppose 3*h = -2*a - 32, 3*h + 4*a + 15 + 19 = 0. Let v be u(h). List the prime factors of 1440/v + -2 + 2 + 0.
2, 3, 5
What are the prime factors of (3 + 2633/(-1))*(-20)/(-160)*-8?
2, 5, 263
Let g = 4671 - 2465. List the prime factors of g.
2, 1103
Let k(m) = 11*m**2 - 2*m - 2. Let n be k(-1). Suppose -3*j + 4 = -n. Suppose 0 = 5*p - 0*q - 5*q - 205, 2*q + 199 = j*p. What are the prime factors of p?
3, 13
Let h(d) = -d**2 - 9*d + 25. Let a be h(-13). Let t = -32 - a. List the prime factors of (t + 3)/(-1 + (-2)/(-3)).
2, 3
Let y(o) = o**3 - 13*o**2 + 12*o - 1. Let m be y(12). What are the prime factors of 1 - (-488 - m) - 1/(-1)?
3, 163
Let s be -2*((-1)/2 + 1 + 0). Let g be (-4 - (-448)/12) + s/3. Suppose g*f - 35*f = -72. List the prime factors of f.
2, 3
Let y(u) = -28*u + 59. Let h be y(-7). Suppose -s + 3*a + h = 0, -s - a + 260 = -3*a. What are the prime factors of s?
2, 3, 5
Let x = -230 - -233. What are the prime factors of (1 + x/(-6))*113*4?
2, 113
Let k(v) = -v**2 + 3*v + 26. Let l be k(7). List the prime factors of 3 - ((-12 - 62) + 1*l).
79
Suppose 33*l - 2504780 = -73*l. List the prime factors of l.
2, 5, 17, 139
Let n be (72/(-21))/((-2)/7). Let m(q) = -28*q - 3 - 14 - 8*q**3 + 2*q**2 + 7*q**3 + 13*q**2. List the prime factors of m(n).
79
Suppose -975*w + 1218*w - 3163860 = 0. List the prime factors of w.
2, 3, 5, 7, 31
Let d be 88/220 - 8056/(-10). Let r = d - 180. List the prime factors of r.
2, 313
Suppose -x + 36 = 119. Let w = 1609 + -1466. Let u = x + w. What are the prime factors of u?
2, 3, 5
Suppose 6*x + 153 = 9*x. Let g = x - 47. Let c(d) = d**3 - 3*d**2 + 8. What are the prime factors of c(g)?
2, 3
Let c(r) = -64*r - 15. Let s(t) = 32*t + 8. Let v(b) = 3*c(b) + 5*s(b). Let w be v(-2). Let z = 119 - w. What are the prime factors of z?
2, 3, 5
What are the prime factors of 597/1*18/((-1620)/(-1590))?
53, 199
Let p(t) = -200*t**2 + 24*t - 196*t**2 + 400*t**2 + 33. List the prime factors of p(-13).
397
Let g(s) = -12*s - 27. Let l be -18 - (-7)/(7/(-2)). Let n be g(l). Suppose n + 187 = 4*y. What are the prime factors of y?
2, 5
Suppose 29 = v - 2*u, 3*v + 7*u - 102 = 10*u. Suppose 3*i + 4*s - 567 = 0, i + 41*s - v*s = 191. What are the prime factors of i?
5, 37
Let l(r) be the first derivative of r**3/3 + 7*r**2/2 - 16*r + 31. Let y be l(-9). Suppose 188 = 3*p - i, 0*p - 66 = -p + y*i. List the prime factors of p.
2, 31
What are the prime factors of (-5701 + -88)*(-2 + 1)?
7, 827
Suppose -773 = -7*z + 802. What are the prime factors of z?
3, 5
Let a(r) be the third derivative of -r**4/2 + 77*r**3/6 - r**2 - 3*r. What are the prime factors of a(6)?
5
Suppose -3*h - 999 - 342 = -5*j, 2*j + h - 543 = 0. Let o = 29 + -156. Let v = o + j. List the prime factors of v.
11, 13
Let s(h) = 2614*h - 59. List the prime factors of s(4).
37, 281
Let k = 21783 + -14403. List the prime factors of k.
2, 3, 5, 41
Suppose -2*y + 2350 = 2*h - 330, -y + 1370 = -5*h. What are the prime factors of y?
5, 269
Let w = 1160 - -1264. List the prime factors of w.
2, 3, 101
Let t(p) = -3*p**2 + 0*p**2 - 5369 + 5*p**3 + 5372 - 5*p. Let y be (-13)/(-5) - (-2)/5. List the prime factors of t(y).
2, 3
Suppose -9*r + r + 16 = 0. Suppose r*h - 280 = -4*o + 6*h, -15 = -3*h. List the prime factors of o.
3, 5
List the prime factors of 68/(-12) + (-3709916)/(-111).
3, 47, 79
Let z(p) be the third derivative of -25*p**4/8 - 73*p**3/6 - 197*p**2. List the prime factors of z(-6).
13, 29
Suppose 4 = -4*o, 3*u + 149 + 0 = o. Let q = u - -200. Let x = q - 12. What are the prime factors of x?
2, 3, 23
Let d(q) = -q**3 - 19*q**2 - 2*q - 37. Let j be d(-19). What are the prime factors of (-20)/(-5) - 9/j*-3?
31
Let k(d) = 3*d - 1. Let p be k(3). List the prime factors of 24/p + (-116)/(-1).
7, 17
Suppose -2*x = 5*n - 19, 0 = -n + 2*x - 3 + 2. Let o be (-9)/(-6 + 3) + -6. List the prime factors of n/(0 + o)*-109 + -3.
2, 53
Suppose -2 - 2 = 2*o. Let v be (-2)/o*(-66)/(-22). Suppose -8*a - 5*y + 1030 = -v*a, 4*a - 809 = -y. List the prime factors of a.
3, 67
Let a be 4/((-80)/(-42005)) + 1/(-4). Suppose -4*j + j = -a. List the prime factors of (2/5)/(6 - 4196/j).
2, 5, 7
Suppose r = 5*i + 10, 0 = 22*i - 26*i. List the prime factors of 2*-1420*r/(-25) + -4.
2, 283
Let a = 9083 - 3993. List the prime factors of a.
2, 5, 509
Suppose 32*m - 28*m - 280 = 0. What are the prime factors of (-35)/m*(0 - 622)?
311
Let j(h) = -2*h**2 - 243*h - 728. What are the prime factors of j(-75)?
6247
Let m(h) be the third derivative of 1/6*h**4 + 0*h + 1/2*h**3 + 36*h**2 + 23/60*h**5 + 0. List the prime factors of m(-1).
2, 11
Let s(n) = 22. Let u(k) = -3*k - 22. Let p(v) = -2*s(v) - 3*u(v). What are the prime factors of p(3)?
7
Let m(q) = 4*q - 54. Let z be m(13). What are the prime factors of